.
2, 3, 5605163
What are the prime factors of 714187488?
2, 3, 7, 1062779
List the prime factors of 127233564.
2, 3, 10602797
What are the prime factors of 28545448?
2, 17, 19, 11047
List the prime factors of 586782877.
23, 2777, 9187
What are the prime factors of 121105692?
2, 3, 373783
List the prime factors of 827501912.
2, 23, 4497293
List the prime factors of 41560898.
2, 59, 569, 619
List the prime factors of 23073959.
983, 23473
What are the prime factors of 19045595?
5, 83, 45893
What are the prime factors of 18006664?
2, 13, 173141
List the prime factors of 6956349.
3, 17, 136399
What are the prime factors of 54365507?
7, 17, 409, 1117
What are the prime factors of 258989300?
2, 5, 2589893
What are the prime factors of 93742333?
19, 199, 24793
List the prime factors of 72060027.
3, 13, 19, 31, 3137
List the prime factors of 1991043271.
7, 41, 6937433
List the prime factors of 18950202.
2, 3, 263, 4003
What are the prime factors of 72590154?
2, 3, 7, 13, 132949
List the prime factors of 543567919.
31, 467, 37547
List the prime factors of 2364220580.
2, 5, 31, 1663, 2293
List the prime factors of 51345204.
2, 3, 97, 44111
List the prime factors of 28304593.
37, 764989
List the prime factors of 706827325.
5, 3659, 7727
What are the prime factors of 1875456876?
2, 3, 557, 280589
List the prime factors of 382024851.
3, 13, 9795509
List the prime factors of 4918137315.
3, 5, 7, 13, 17, 211943
List the prime factors of 109381345.
5, 199, 211, 521
What are the prime factors of 18096193?
23, 137, 5743
List the prime factors of 84150180.
2, 3, 5, 109, 4289
List the prime factors of 1909709654.
2, 17, 56167931
List the prime factors of 43077237.
3, 7, 19, 107, 1009
What are the prime factors of 1866178453?
19979, 93407
What are the prime factors of 38219828?
2, 9554957
What are the prime factors of 3449714171?
17, 461, 440183
List the prime factors of 143327014.
2, 79, 907133
What are the prime factors of 172250744?
2, 21531343
What are the prime factors of 154126369?
17, 9066257
List the prime factors of 1941440407.
1941440407
What are the prime factors of 72898714?
2, 7, 883, 5897
List the prime factors of 5009422.
2, 11, 109, 2089
List the prime factors of 48109838.
2, 7, 3436417
List the prime factors of 55459511.
41, 769, 1759
What are the prime factors of 26105044?
2, 7, 53, 359
List the prime factors of 37879415.
5, 7, 47, 23027
List the prime factors of 202202476.
2, 7, 23, 313979
What are the prime factors of 722981159?
722981159
What are the prime factors of 32666235?
3, 5, 7, 59, 5273
What are the prime factors of 1011999083?
1011999083
List the prime factors of 139048623.
3, 7, 227, 463
What are the prime factors of 3322977344?
2, 51921521
List the prime factors of 1836389330.
2, 5, 19, 29, 333283
What are the prime factors of 412803616?
2, 67, 192539
List the prime factors of 352795254.
2, 3, 7, 17, 47, 10513
What are the prime factors of 44683716?
2, 3, 7, 11, 37, 1307
What are the prime factors of 1492383131?
17, 1523, 57641
List the prime factors of 76316328.
2, 3, 11, 167, 577
What are the prime factors of 368215381?
947, 388823
List the prime factors of 102691224.
2, 3, 41, 43, 809
What are the prime factors of 236302253?
11, 23, 934001
List the prime factors of 3184006370.
2, 5, 1031, 308827
List the prime factors of 5037084296.
2, 629635537
What are the prime factors of 529195398?
2, 3, 88199233
List the prime factors of 441318214.
2, 220659107
List the prime factors of 1803771542.
2, 901885771
List the prime factors of 41648153.
103, 139, 2909
List the prime factors of 751450979.
383, 1962013
What are the prime factors of 259946227?
29, 181, 49523
What are the prime factors of 3473606501?
3473606501
What are the prime factors of 1321476587?
31, 73, 293, 1993
List the prime factors of 261384811.
23, 11364557
List the prime factors of 597574901.
7, 11, 37, 349, 601
List the prime factors of 51484458.
2, 3, 47, 79, 2311
List the prime factors of 390808316.
2, 97702079
What are the prime factors of 666110554?
2, 101, 109, 30253
What are the prime factors of 493262420?
2, 5, 7, 19, 59, 449
List the prime factors of 8073212348.
2, 17, 1091, 108821
List the prime factors of 130162583.
31, 4198793
List the prime factors of 1264696309.
14851, 85159
What are the prime factors of 1404864839?
7, 281, 102031
List the prime factors of 1617259303.
11, 147023573
What are the prime factors of 108240728?
2, 13530091
List the prime factors of 227969599.
11, 13, 47, 107, 317
What are the prime factors of 107019183?
3, 241, 148021
What are the prime factors of 73160367?
3, 7, 17, 204931
List the prime factors of 3230205279.
3, 7, 43, 71, 50383
List the prime factors of 684265167.
3, 76029463
What are the prime factors of 1244404021?
7, 7307, 24329
What are the prime factors of 5015626312?
2, 9349, 67061
What are the prime factors of 54845394?
2, 3, 9140899
What are the prime factors of 570897978?
2, 3, 7, 17, 19, 42083
List the prime factors of 4328658328.
2, 23, 23525317
List the prime factors of 1242417472.
2, 1093, 17761
List the prime factors of 144910864.
2, 7, 31, 41737
What are the prime factors of 25590490?
2, 5, 23, 111263
What are the prime factors of 50391196?
2, 17, 43591
What are the prime factors of 139802605?
5, 53, 527557
List the prime factors of 4533139044.
2, 3, 7, 431, 41737
What are the prime factors of 24017097?
3, 13, 127, 373
List the prime factors of 20057761.
1033, 19417
What are the prime factors of 1264931751?
3, 421643917
What are the prime factors of 624470137?
29, 1109, 19417
What are the prime factors of 148595032?
2, 911, 20389
List the prime factors of 5110200934.
2, 2555100467
What are the prime factors of 885107585?
5, 233, 293, 2593
List the prime factors of 7753467658.
2, 25601, 151429
List the prime factors of 6360961263.
3, 79, 1783, 15053
What are the prime factors of 1060080920?
2, 5, 227, 313, 373
List the prime factors of 212043385.
5, 42408677
List the prime factors of 56536343.
19, 31, 95987
What are the prime factors of 298527173?
7, 42646739
What are the prime factors of 69622569?
3, 7735841
What are the prime factors of 1521916404?
2, 3, 29, 4373323
List the prime factors of 226150208.
2, 31, 3677
List the prime factors of 228179609.
7, 59, 552493
List the prime factors of 1172518467.
3, 390839489
What are the prime factors of 71985965?
5, 19, 137, 5531
List the prime factors of 1042420740.
2, 3, 5, 17373679
What are the prime factors of 2112524940?
2, 3, 5, 191, 337, 547
List the prime factors of 86469562.
2, 233, 185557
What are the prime factors of 76596957?
3, 547, 15559
List the prime factors of 123225723.
3, 13691747
List the prime factors of 429347265.
3, 5, 28623151
List the prime factors of 1298278108.
2, 324569527
List the prime factors of 1020087619.
73, 463, 30181
List the prime factors of 229162599.
3, 1069, 23819
List the prime factors of 36369977.
7, 379, 13709
List the prime factors of 813731958.
2, 3, 13, 31, 8629
List the prime factors of 2840164305.
3, 5, 11, 17213117
List the prime factors of 54807077.
13, 19, 221891
List the prime factors of 1106208422.
2, 11, 29, 1733869
What are the prime factors of 210382048?
2, 1163, 5653
List the prime factors of 10569304.
2, 1321163
What are the prime factors of 344705261?
344705261
What are the prime factors of 180195491?
7, 3677459
List the prime factors of 338877215.
5, 79, 397, 2161
List the prime factors of 2027630.
2, 5, 11, 18433
List the prime factors of 509596260.
2, 3, 5, 733, 11587
List the prime factors of 363841431.
3, 19, 335957
List the prime factors of 19961920.
2, 5, 11, 53, 107
What are the prime factors of 1957810080?
2, 3, 5, 4078771
List the prime factors of 286946252.
2, 23, 101, 30881
What are the prime factors of 248583531?
3, 7, 211, 56101
What are the prime factors of 171524555?
5, 34304911
List the prime factors of 19889094.
2, 3, 103, 32183
List the prime factors of 2104450731.
3, 233827859
What are the prime factors of 86561746?
2, 43280873
What are the prime factors of 226238545?
5, 13, 191, 18223
What are the prime factors of 1382685770?
2, 5, 138268577
What are the prime factors of 126846624?
2, 3, 1321319
What are the prime factors of 3851221617?
3, 89, 4808017
List the prime factors of 68673544.
2, 